 Give n(u).
9
Let l(f) be the second derivative of -f**3/3 - 11*f**2/2 + 31*f. What is l(-8)?
5
Let t(j) = -5*j + 6*j - 2 + 2*j - 2*j. Calculate t(-5).
-7
Let h(d) be the third derivative of -d**4/24 + d**3/2 + 9*d**2. Suppose -5 = -3*l + 7. Determine h(l).
-1
Suppose -3*g + 4*z + 16 = g, 10 = -5*z. Suppose 24 = 2*j + 5*k, -3*k - g = -5*j - k. Suppose -3*d - j*d = 0. Let r(i) = -i - 1. Calculate r(d).
-1
Let t(v) = v**3 - 6*v**2 + v - 2. Let o = 9 + -3. What is t(o)?
4
Let j(m) = -m. Let w(c) = c**2 + c + 2. Let p(n) = -j(n) + w(n). Let t(s) = 2*s. Let d be t(1). Suppose 2 = -3*h + d*k, 6 = h - k - k. Determine p(h).
10
Let h(o) be the third derivative of o**4/3 + o**3/6 + 14*o**2. Calculate h(2).
17
Let a(q) = 3*q**2 + q + 8. Let s(f) = -f**2 - f - 1. Let i(v) = -a(v) - 4*s(v). Suppose 3*r + 4*c - 7 = 33, 12 = 2*r - c. Suppose -1 - r = 3*x. What is i(x)?
-4
Suppose -5*y = -4*h - 11, 0 = 5*y - 2*h - h - 7. Let k(r) be the third derivative of -r**4/6 - r**3/6 - r**2. Give k(y).
3
Let r(i) be the second derivative of 0 + 3*i + 1/2*i**3 + 1/20*i**5 + 3*i**2 + 1/2*i**4. What is r(-6)?
-12
Let u = 1 + 1. Suppose -7 + 1 = -2*k. Let a(y) = -k + 4 - 5*y**2 - u. Determine a(1).
-6
Let u(k) = -2*k + 3. Let p(j) = j - 1. Let g(m) = -p(m) - u(m). Suppose -4 = -2*a + 8. Suppose -2 = v - 3*t, 0*v - v + a = t. Determine g(v).
2
Let f be -2*5*(-4 + 3). Suppose -5*z + 0*z - f = 0. Let t(l) be the first derivative of -2*l**3/3 - l**2 - 3*l - 9. What is t(z)?
-7
Let y(z) = -4*z + 6. Let w(k) = -1 + 2 - 2. Suppose 0 = 4*u + 17 + 7. Let l(s) = u*w(s) - y(s). Give l(-1).
-4
Let d(h) = 7*h + 1. Let y(s) = s**2 - 10*s + 3. Let v be y(10). Suppose v*i - 4*w - 13 = 0, 0 = 4*i + w + 2*w + 16. Determine d(i).
-6
Suppose 26 = 4*z - 2*w, 5*z - 2*w = 3*w + 30. Let n(v) = v**3 - 7*v**2 + 5. Give n(z).
5
Let t(s) = 6*s**3 + 2*s**2 - 1. Let n be (9/6*2)/1. Let q be (4/(-6))/(n/189). Let u be 12/q + (-5)/7. What is t(u)?
-5
Let m(g) = -g + 1. Let p(u) = -u**3 - u**2 + 5*u - 1. Let c(k) = 3*m(k) + p(k). Let t be c(-2). Let s(d) = 2 + t - 4*d - 3. Give s(1).
-3
Let k(i) be the third derivative of -i**6/120 - i**5/15 + i**4/24 + i**3/2 - i**2. Let u be 2*(1 - 25/10). What is k(u)?
-9
Let r(v) be the second derivative of 1/20*v**5 + 1/12*v**4 - 1/2*v**3 - 2*v + 0 - 1/2*v**2. What is r(-2)?
1
Let j = -28 + 56. Suppose -18 = 5*g - 2*g. Let u be 2/g - j/6. Let l(w) = w - 1. Give l(u).
-6
Let h(f) = -f**2 - 3*f. Let q(p) = p**2 + 3*p + 1. Suppose g + 5 = 2*g. Let o(x) = g*h(x) + 4*q(x). Suppose -2*a - 2*n - 1 = n, -19 = 2*a - 3*n. Calculate o(a).
-6
Let o = -16 + 25. Let m(u) = u**2 + 7*u - 8. Let d be m(-6). Let k = o + d. Let l(n) = n + 1. Give l(k).
-4
Let v(m) = -m**3 - 5*m**2 - 2*m. Suppose 3*r = -5 - 7. Let h(q) = 5 + 3 - 4 + 2*q. Let g be h(r). Give v(g).
-8
Let u(q) = q**2 + 3*q - 6. Let f be (-701)/5 - 2/(-10). Let b be (-24)/f*5*-7. Give u(b).
12
Suppose 1 = -4*x + 5, 3*l = 3*x - 18. Let y(o) = -12*o - 4. Let g(a) = -8*a - 3. Let f(r) = l*y(r) + 8*g(r). What is f(-3)?
8
Let w be (-16)/(-10) + 20/50. Let l(o) = 1 + 0*o**2 + 4*o - 9*o - o**w + 0*o**2. Calculate l(-5).
1
Let r(l) be the second derivative of -l**5/20 - l**4/12 - l**3/6 + l**2/2 - 2*l + 55. Suppose 5*c = -3 + 8. Calculate r(c).
-2
Let b(w) = w**3 + 11*w**2 - w - 14. Suppose 18*p = 7*p - 121. Determine b(p).
-3
Let f(q) = q - 6. Let x be f(8). Let h(p) = 0 + 3*p**2 + 2*p - 6*p + x + p. Calculate h(2).
8
Let u be 2/(-4) + 15/2. Let p(i) = i**3 - 6*i**2 - 8*i - 3. What is p(u)?
-10
Let h be (-2)/(-3) - (-4)/3. Suppose h*l = -0*l + 4. Let n(j) = 3*j**2 - 3*j**3 + 3 + l*j**3 - 4. Determine n(2).
3
Let u(x) = -x. Let i(v) = -11. Let h(s) = i(s) + 2*u(s). Let y be h(-4). Let r(z) = -z. Give r(y).
3
Let o be 6/27 - 129/(-27). Let j(z) = -2 + z**2 + z + 5*z**2 + o - z**3. Calculate j(6).
9
Suppose 4*h = 4*z, 3*z - 1 = 4*h - 4. Let d(g) = g**3 + g**2 - 4*g + 2. Calculate d(h).
26
Let r be -4 + (4 - (-2 + 5)). Let t(h) = -3*h + 3. What is t(r)?
12
Let j be 1/5 - 1/5. Let o(d) = 0*d - 4 - d**2 - 3*d + d**3 - 2*d**3 + 2*d. Determine o(j).
-4
Let r(m) = 3*m**2 + 7*m - 5. Let s(z) = 4*z**2 + 8*z - 4. Let o(p) = 3*r(p) - 2*s(p). What is o(-6)?
-1
Suppose -5*v + 5*m = -10, 2*v = -4*m + 10 + 6. Suppose u = -3*j + 19, v*u - 9 = j + 2. Let h(a) = -2*a + 5. Calculate h(u).
-3
Let t(b) be the third derivative of b**4/24 - b**3/6 - 6*b**2. Suppose 2*q + 150 = -3*q. Let i be ((-2)/(-4))/((-3)/q). What is t(i)?
4
Let d = -4 - -3. Let a(n) be the third derivative of -7*n**6/120 - n**4/24 - n**3/6 - 9*n**2 - 6. Give a(d).
7
Let i = 15 + -21. Let q(w) = -w**2 - 9*w - 6. Determine q(i).
12
Let m be 1/((-21)/(-18) - 1). Let l = 8 - m. Let s(h) = -h**3 - l*h - 2*h**2 - 2 + 1 + 0. What is s(-1)?
0
Let k = -3 - 2. Let o(p) = -p**3 - 6*p**2 - 6*p - 2. Give o(k).
3
Suppose c = -15 + 19. Let g(r) = r**2 - 4*r + 5. Determine g(c).
5
Let a(c) = 2*c**3 - 2 + 4*c**3 + 2*c**2 - 3*c - 5*c**3. Let h be a(-3). Let i = h - -2. Let p(d) = d**2 + d - 6. Calculate p(i).
-6
Suppose -6*c = -11*c + 25. Let r(g) = 4 + 1 - 4*g + 10*g - g**2. Give r(c).
10
Let g(x) be the second derivative of 7*x**3/6 - x**2/2 + 10*x. What is g(1)?
6
Let s = -56 - -55. Let v(m) = 24*m**3 - m**2 - m - 1. Give v(s).
-25
Suppose 3*k - 2*p = 5, -5*k - p + 7 = -3*p. Let c(o) = -8*o**3 - 1. Determine c(k).
-9
Let v(y) = 3*y - 2. Let k(i) = i - 1. Let f(l) = 7*k(l) - 2*v(l). Determine f(0).
-3
Let w(d) = 4*d + 21. Let l be w(-5). Let n(o) = o**2 + o. Give n(l).
2
Let t(p) = p**3 - 8*p**2 + 7*p + 4. Let z = -9 - -13. Suppose 0 = -2*q + 2 + z, 5*q - 50 = -5*y. Calculate t(y).
4
Let b be (-2 - 5/5) + 1. Let c(k) = -3*k**3 - 2*k**2 - 3*k - 2. Give c(b).
20
Suppose 2*v = -3*y - 13, v - y = -4*y - 14. Let o(p) = v - p - 4*p + 2*p. Give o(-1).
4
Let m = -94 + 98. Let v(a) = -3*a + 3. Determine v(m).
-9
Suppose -4*c = 2*m - 0*m + 8, 2*c = m - 4. Let q(x) = -2*x**3 - 2*x**2 - 2. What is q(c)?
6
Let l(u) = u**3 + 3*u**2 - 1. Let p be 0 + 5/((-10)/4). Let j be l(p). Let s(o) = 0*o + 3*o - o**2 + 0 - 2. Calculate s(j).
-2
Let v = 15 - 10. Suppose v*y - 21 = 9. Let c(q) = q - 4. What is c(y)?
2
Let f(h) = 7*h + 2. Suppose 5*j + 0*j - 3*y + 19 = 0, -5*y = 5*j - 5. Give f(j).
-12
Let t(y) = -y**2 - 3*y + 5. Suppose r - 5 = -15. Let h be (-2)/r + 84/(-20). Give t(h).
1
Suppose -3*x + 4*b = 3*b - 4, 0 = 5*x - 5*b - 10. Suppose x = -2*t + 9. Let c(a) = -2*a + a**3 + 2*a - 2 - 4*a**2 - a. Calculate c(t).
-6
Let v(b) = -b**2 - b - 1. Suppose -3 = 5*g + 2. What is v(g)?
-1
Let k(j) = j**3 - 7*j**2 + 9*j - 14. Let r be k(6). Let h(p) = -4*p + 4. Determine h(r).
-12
Let y = 159/2 - 76. Let a(z) be the second derivative of 1/2*z**3 + 0 - y*z**2 - 3*z. Give a(5).
8
Let b(r) = -r - 1. Let t(x) = 3*x + 1. Let f be t(-1). Let d = f + 2. Give b(d).
-1
Suppose 3*r = -2*q + 13, -2*r = -6*q + 3*q + 13. Let l(f) = f**3 + 1. Give l(r).
2
Suppose 5*j - 17 = -2*a - 2*a, -a - 4*j + 7 = 0. Let t(p) = 3 + 0*p**2 - 2*p - a - p**2 + 1. Suppose -4*i + 8 = -2*h, -h + 2*i + 3*i = 7. Calculate t(h).
1
Let v be 6*(-1)/(-3 + 0). Let y(t) = 2*t**v + 5 - t - t**2 - 3*t. Give y(4).
5
Let x(a) = a**2 - 4*a + 5. Let s(d) = -3*d**2 + 12*d - 14. Let n(t) = 4*s(t) + 11*x(t). Give n(5).
-6
Let q be 154/70 + 1/(-5). Let w(v) = 4 + 0 + 0*v**3 + v**3 + 5*v**q - 2*v**3. Determine w(5).
4
Let b(h) = 1. Suppose 3*n + 4 = 7. Let u(g) = g**2 + 9*g + 3. Let l(j) = n*u(j) + 6*b(j). Determine l(-6).
-9
Let u be (22/(-8))/((-5)/20). Let d = u + -12. Let x(m) = -6*m**2 + 2*m + 1. Give x(d).
-7
Let h(z) = z**2 + 6*z + 2. Let u(m) = 2*m**2 - 3*m**2 + m**2 + m**2 - 5 - m**3 + m. Let w be u(0). Determine h(w).
-3
Let w(m) be the second derivative of 2*m + 0 - 1/2*m**2 - 1/12*m**4 - 1/3*m**3. Determine w(-2).
-1
Let u(r) = r**2 + 3*r + 3. Let m(k) = k - 5. Let s be m(6). Let v be ((-1)/s - 0)*-4. Let i = v + -6. Give u(i).
1
Let z = 36 + -34. Let a be -1 - -1 - 1/(-1). Let c = z - a. Let g(i) = 8*i. Determine g(c).
8
Let u(a) = a - 2. Let f(i) = -2*i + 0*i**2 + 0*i**2 + 0*i**2 + i**2. Let v be f(3). Determine u(v).
1
Suppose 0 = -b, -4*c - 5*b + 4 = -0. Let j(w) = -2 - 215*w + 216*w + 11*w**2 + 0 + 1. What is j(c)?
11
Let c(y) = y**3 - y. Let i(d) = -7*d**3 + 5*d**2 + 7*d + 3. Let m(s) = -6*c(s) - i(s). Suppose 2*a = 7*a - 25. Determine m(a).
-8
Let s(l) be 